 Determine f(13).
-8
Let v(o) = -o**3 - 9*o**2 - 4*o + 4. Calculate v(-7).
-66
Let s(d) = -4*d**2 + 80*d - 4. Calculate s(13).
360
Let y(s) = s**3 + 9*s**2 - 4*s + 217. Determine y(-11).
19
Let b(n) = -176*n + 23225. Calculate b(132).
-7
Let m(g) = g**2 - 29*g + 211. What is m(12)?
7
Let f(t) = t**3 + 14*t**2 - 112*t + 9. Calculate f(5).
-76
Let y(i) = 10*i**3 - 21*i**2 + 8*i - 7. Determine y(2).
5
Let r(q) = -q**3 - 4*q**2 + 38*q + 1. Calculate r(5).
-34
Let p(h) = h**3 - 17*h**2 - 137*h - 746. Give p(24).
-2
Let j(q) = -q**3 + 23*q**2 + 67*q + 680. Give j(27).
-427
Let l(t) = 81*t - 64. Determine l(5).
341
Let y(c) = -1968*c**2 + 13774*c + 15. Calculate y(7).
1
Let s(x) = 19*x**2 - 105*x + 106. Calculate s(1).
20
Let v(f) = 5*f**2 + 52*f + 107. Determine v(-2).
23
Let z(n) = 918*n + 16572. Calculate z(-18).
48
Let r(u) = -13*u + 49. Calculate r(-4).
101
Let z(v) = 101*v - 156. Give z(3).
147
Let n(v) = 16*v + 862. Give n(-51).
46
Let t(f) = -3032*f + 3025. Calculate t(1).
-7
Let j(u) = 20*u**3 + 5*u**2 + 26*u - 5. Determine j(0).
-5
Let y(w) = 8*w**2 + 133*w + 414. Determine y(-12).
-30
Let f(n) = 16*n - 24. Determine f(3).
24
Let l(w) = -w**3 + 2*w**2 + 173*w - 22. Give l(14).
48
Let f(m) = 2*m**3 - 79*m**2 - 8*m - 1289. Give f(40).
-9
Let h(x) = -69*x + 4736. Determine h(68).
44
Let i(t) = -1063*t + 5308. Determine i(5).
-7
Let o(x) = -676*x - 37163. Determine o(-55).
17
Let d(a) = -4*a**2 - 20*a. Give d(-13).
-416
Let j(x) = 3*x**2 - 30. Determine j(-2).
-18
Let j(t) = 20*t**3 - 9*t**2 + 15*t + 1. Calculate j(2).
155
Let u(w) = -6*w + 1. What is u(-30)?
181
Let b(r) = r**3 + 12*r**2 + 32*r. What is b(-8)?
0
Let t(k) = -2*k + 4. Give t(12).
-20
Let n(s) = -12*s**3 + 14*s**2 + 147*s - 41. Give n(4).
3
Let q(s) = s**2 - 660*s + 2607. Give q(4).
-17
Let b(v) = -298*v - 4463. Calculate b(-15).
7
Let v(k) = -16*k**2 - 158*k - 7. Give v(-9).
119
Let w(u) = -237*u - 2144. What is w(-9)?
-11
Let n(p) = -p**2 + 171*p + 1174. Calculate n(-7).
-72
Let m(c) = 2*c**3 + 12*c**2 + 6*c - 20. Calculate m(-5).
0
Let a(n) = -3017*n - 147831. Determine a(-49).
2
Let j(b) = 5*b**2 - 17*b + 25. Calculate j(2).
11
Let h(a) = 2*a**2 - 64*a + 126. Give h(2).
6
Let y(w) = -498*w - 3965. Calculate y(-8).
19
Let v(m) = 81*m**2 - 63*m + 2. What is v(2)?
200
Let a(z) = 2*z**3 - 30*z**2 - 6*z + 82. Calculate a(15).
-8
Let u(y) = 2954*y + 121114. Give u(-41).
0
Let v(d) = -24*d + 18. What is v(4)?
-78
Let m(j) = -34*j + 90. Give m(5).
-80
Let q(b) = -83*b**2 - 160*b - 4. Calculate q(-2).
-16
Let g(h) = -137*h + 836. Determine g(6).
14
Let d(c) = 2*c**3 + 71*c**2 + 62*c + 979. What is d(-35)?
34
Let d(l) = -41*l + 569. Give d(13).
36
Let r(x) = 25*x + 2747. Calculate r(-112).
-53
Let k(x) = -112*x - 4. Give k(-2).
220
Let q(o) = -2*o**2 - 12*o + 192. What is q(-15)?
-78
Let c(a) = -4*a**2 + 953*a + 7620. Determine c(246).
-6
Let l(z) = -z**3 - 2*z**2 + 8*z - 9. Determine l(4).
-73
Let r(u) = 520*u + 9272. Determine r(-18).
-88
Let d(l) = -l**3 + 7*l**2 + 17*l - 59. Determine d(7).
60
Let b(v) = 2*v**2 - 186*v + 4178. Determine b(38).
-2
Let m(q) = 5*q + 98. Calculate m(-18).
8
Let g(p) = -9*p**2 + 469*p + 910. What is g(54)?
-8
Let w(q) = -3*q**3 + 57*q**2 - 62*q + 121. What is w(18)?
-23
Let a(n) = -382*n + 3064. What is a(8)?
8
Let f(b) = b**2 - 90*b + 1695. What is f(62)?
-41
Let s(f) = 2*f**3 - 153*f**2 - 76*f - 50. Calculate s(77).
27
Let s(p) = p**3 - 31*p**2 - 103*p + 26. Calculate s(34).
-8
Let i(j) = 3*j**2 - 42*j - 760. Calculate i(28).
416
Let o(q) = -10*q**2 + 116*q - 59. Calculate o(11).
7
Let r(h) = -2*h**3 - 56*h**2 + 12*h + 168. Give r(-28).
-168
Let p(w) = w**2 + 21*w - 87. Calculate p(-26).
43
Let d(j) = j**3 + 358*j**2 + 18119*j + 594. Give d(-297).
0
Let v(t) = -t**3 + 18*t**2 + 37*t - 108. Determine v(19).
234
Let f(s) = -10*s**2 + 8*s + 99. Determine f(-6).
-309
Let a(g) = 10*g**2 + 349*g - 22. Give a(-35).
13
Let t(m) = m**2 + 81*m + 877. What is t(-13)?
-7
Let l(o) = -o**3 - 23*o**2 - 42*o + 2. Calculate l(-21).
2
Let c(s) = -s**3 + 63*s**2 - 961*s - 6. Calculate c(37).
31
Let k(i) = i**2 - 62*i + 243. What is k(4)?
11
Let w(i) = i**3 - 15*i**2 + 63*i - 124. What is w(10)?
6
Let v(f) = -5055*f - 30324. Determine v(-6).
6
Let f(y) = -4*y**2 + 5*y - 63. Calculate f(0).
-63
Let d(h) = -35*h - 62. What is d(6)?
-272
Let c(r) = 764*r + 4586. Calculate c(-6).
2
Let k(y) = -49*y + 637. What is k(12)?
49
Let h(f) = -f**3 + 18*f**2 - 13*f + 1117. Determine h(20).
57
Let l(i) = 214*i**2 + 1070*i + 5. Determine l(-5).
5
Let r(u) = -971*u + 27182. Give r(28).
-6
Let i(u) = -u**3 - 15*u**2 + 39*u + 143. Give i(-16).
-225
Let c(v) = v**3 - 50*v**2 + 48*v - 3. What is c(49)?
-52
Let s(t) = t**3 + 62*t**2 - 553*t - 27. Calculate s(8).
29
Let l(g) = -1918*g + 3849. Calculate l(2).
13
Let k(l) = 2*l**3 - 22*l**2 - 28*l + 58. Calculate k(12).
10
Let b(s) = s**3 - 18*s**2 + 29. What is b(18)?
29
Let o(m) = -50*m - 642. Determine o(-13).
8
Let z(m) = 2*m**3 - 70*m**2 - 55*m + 18. Determine z(36).
630
Let r(y) = -y**2 + 261*y - 5242. Give r(22).
16
Let g(r) = -r**2 - 452*r - 19732. Determine g(-49).
15
Let i(v) = -10*v + 137. Calculate i(-2).
157
Let z(h) = h**2 - 25*h + 68. Calculate z(6).
-46
Let x(i) = 12*i**2 - i + 35. What is x(0)?
35
Let g(u) = -2*u**2 + 432*u - 14038. Calculate g(40).
42
Let c(u) = -u**3 + 60*u**2 + 463*u + 391. Determine c(67).
-11
Let r(z) = 310*z + 1300. What is r(-4)?
60
Let a(y) = 2*y**3 + 18*y**2 + 19*y + 112. Determine a(-9).
-59
Let d(k) = 39*k - 1164. Calculate d(27).
-111
Let q(v) = -283*v**2 + 835*v + 34. Give q(3).
-8
Let u(o) = -o**3 - 18*o**2 - 22*o - 53. Calculate u(-19).
726
Let v(t) = -80*t - 28. Determine v(3).
-268
Let f(z) = -z**3 + z**2 + 85*z + 123. Calculate f(11).
-152
Let p(m) = 31*m - 548. Determine p(17).
-21
Let c(u) = 4*u**2 + 117*u + 14. Give c(-27).
-229
Let u(k) = -k**3 - 57*k**2 + 309*k - 64. Calculate u(-62).
-2
Let b(c) = 2*c**2 - 73*c - 1067. Determine b(-13).
220
Let v(m) = -115*m - 2180. Give v(-19).
5
Let g(o) = -o**3 - 10*o**2 + 21*o - 38. What is g(-12)?
-2
Let l(k) = 406*k - 2432. What is l(6)?
4
Let d(y) = 19*y - 46. Give d(11).
163
Let c(z) = 34*z + 916. Give c(-22).
168
Let m(g) = -634*g - 47551. Give m(-75).
-1
Let k(d) = 97*d - 675. Determine k(7).
4
Let o(j) = j**2 + 56*j - 229. What is o(-62)?
143
Let n(k) = -k**3 - 500*k**2 + 3039*k - 20. Determine n(6).
-2
Let l(w) = 3*w**3 - 22*w**2 + 138*w - 907. Calculate l(7).
10
Let w(b) = 6*b**2 - 198*b + 11. Calculate w(33).
11
Let i(z) = -z**3 - 7*z**2 + 108*z - 16. What is i(7)?
54
Let w(y) = y**3 - 15*y**2 - 5*y + 289. What is w(14)?
23
Let d(g) = 39*g**3 + g**2 + 1. Calculate d(-1).
-37
Let v(q) = 16*q**2 + 696*q - 3463. Calculate v(-48).
-7
Let n(r) = -2*r**3 - 10*r**2 - 154*r - 751. Calculate n(-5).
19
Let g(m) = 2*m**2 - 160*m - 1802. Determine g(-10).
-2
Let p(j) = -32*j**2 + 661*j - 395. Calculate p(20).
25
Let y(q) = -q**2 - 48*q + 3019. Calculate y(36).
-5
Let r(q) = 3*q**3 - 261*q**2 - 7*q + 604. What is r(87)?
-5
Let z(s) = s**3 + 5*s**2 - 16*s - 23. Give z(-7).
-9
Let y(f) = -2*f**2 + 116*f + 2355. Give y(74).
-13
Let s(r) = r**3 + 14*r**2 - 1248*r - 26. Give s(-43).
17
Let t(v) = v**3 - 8*v**2 - 10*v + 42. What is t(0)?
42
Let c(p) = -p**3 + 22*p**2 + 15*p + 188. Give c(23).
4
Let c(m) = 7*m**2 - 591*m - 339. What is c(85)?
1
Let i(v) = -23*v**2 - 202*v + 824. Calculate i(3).
11
Let q(d) = -27*d - 104. Give q(-3).
-23
Let i(k) = -4*k**2 - 40*k - 15. What is i(-8)?
49
Let b(g) = 3*g**3 + 2*g**2 + 8*g + 16. Calculate b(0).
16
Let c(v) = -v**3 - 13*v**2 + 336*v - 22. What is c(-26)?
30
Let r(h) = -5*h**2 + 10*h + 37. Determine r(4).
-3
Let w(b) = -18*b + 911. What is w(68)?
-313
Let c(f) = -3*f**2 + 562*f + 8466. What is c(-14)?
10
Let h(l) = -6*l**2 - 243*l - 716. What is h(-3)?
-41
Let j(q) = -70*q**2 + 1261*q - 33. What is j(18)?
-15
Let y(s) = -337*s - 2032. Calculate y(-6).
-10
Let t(o) = -o**2 + 23*o - 73. Give t(11).
59
Let x(j) = -9*j**2 + 37*j - 26. Calculate x(8).
-306
Let p(u) = 38*u - 158. Determine p(14).
374
Let n(j) = -j**2 - 80*j - 575. Calculate n(-72).
1
Let n(v) = v**2 - 41*v + 277. Give n(11).
-53
Let c(v) = 3*v**2 - 721*v - 2678. What is c(244)?
6
Let a(l) = 6*l - 494. Give a(79).
-20
Let x(r) = -r**3 + 12*r - 28. Give